2*m - m = -4*p - 4. Let y(w) = -w - 1. Give y(m).
3
Let o = -6 + 10. Let f(v) = -3 + o - 4*v - v**2 - 2*v - 3. Determine f(-6).
-2
Let w(n) = n**3 + 5*n**2 - 6*n - 1. Suppose -s - 2*s = -12. Suppose -13 = 5*h + 37. Let m = s + h. What is w(m)?
-1
Let n(a) = 4*a + 4. Let i be n(-5). Let v = i + 18. Let w(k) = -5*k + 2. Give w(v).
-8
Let u(j) = 1 - j - 1. Let d be (-2)/4 + (-63)/(-14). Let b = d - 9. Calculate u(b).
5
Let d(f) = f. Let l(b) = -2*b - 1. Let j(o) = 4*d(o) + 3*l(o). Suppose 0 = -k + 3*i + 24, 27 = -0*k + 2*k + i. Suppose -5*g - k = -0*g. What is j(g)?
3
Let t(r) be the first derivative of r**4/4 + r**3/3 - r**2/2 + 13*r - 2. Suppose 0 = s - 3, 4*j = 3*s + 2 - 11. Determine t(j).
13
Suppose -4*a = 12 - 0. Let y(l) = -l. Let v(r) = -2*r - 1. Let n(z) = a*y(z) + 2*v(z). What is n(-7)?
5
Let g = 8 - 13. Let r = g + 8. Let z = -4 + r. Let t(y) = -2*y + 1. Calculate t(z).
3
Let x(r) = r**2 - 9*r + 10. Let a be x(7). Let n = 4 - 2. Let q(w) = 3*w - n*w + 0*w. Determine q(a).
-4
Suppose m + m = 6. Let a(v) = -2*v**2 + 5*v - 4. What is a(m)?
-7
Let v be (1/3)/((-2)/(-18)). Let j(s) = -4*s**2 + 2*s**2 - 3 + v*s**2 - 2*s - s. What is j(4)?
1
Let t(z) = -7*z - 3. Let n(a) = 9*a + 4. Let g(o) = -3*n(o) - 4*t(o). Let k be (-2)/6 + 1/3. Let c(i) = -i + 4. Let v be c(k). What is g(v)?
4
Let y(k) = k - 3. Let u(z) = -3*z + 5. Let g(a) = -2*u(a) - 5*y(a). Let l = -12 + 3. Let d = l + 5. Calculate g(d).
1
Let u(v) = -3*v. Let w(s) = 3*s - 1. Let t be w(1). Suppose 2*f + m = 3, -f = -2*f + t*m + 4. Suppose d = f*d + 1. Calculate u(d).
3
Let p(k) = k - k + k - 1 - 2. Calculate p(6).
3
Let c(h) be the third derivative of -h**4/24 + 5*h**3/6 + 8*h**2. Determine c(4).
1
Let c(v) = v**3 - 8*v**2 + 9*v - 15. Let k be c(7). Let i(u) = -u**2 - u. Let d = -5 + 7. Let b(w) = 5*w**2 - 1. Let a(q) = d*i(q) + b(q). Calculate a(k).
4
Suppose 2*u = -s + 2*s, 0 = 3*u - 2*s + 1. Let y(p) = 5*p**3 - 3*p**2 - 2*p. Let h(g) = -g**3 + g + 1. Let m(d) = u*y(d) + 6*h(d). What is m(-4)?
6
Let d(y) = y**3 - 2*y**2 - 2*y + 1. Suppose c = -3*h - 22, -4*h + 0*c + 5*c = 42. Let z be (-1 - 0)/(h/(-16)). What is d(z)?
-11
Let u(n) = -2 + 5*n + n - 3*n. Let h be (32/12)/((-2)/15). Let d be 26/10 - 8/h. What is u(d)?
7
Let n(z) = 2*z**2 + 4*z + 1. Let g = -30 + 27. What is n(g)?
7
Let r(a) = a**3 - a + 13. Let i(g) = g**3 - 9*g**2 - 9*g - 10. Let n be i(10). Suppose 8*j - 5*j = n. Determine r(j).
13
Suppose 6*q + 3*m = q + 21, -4 = -2*m. Let d(k) = 0*k + q + k**2 + 2 - 5*k. Calculate d(4).
1
Suppose c + 0 = 3. Let m(p) = -p**2 + 0*p + 6 - c*p - 1 - 6. What is m(-2)?
1
Suppose -3*o - o + 8 = 0. Suppose g = 2*k + k, o*k = 3*g. Suppose 0 = -2*l - g*l + 2. Let w(j) = 2*j - 1. What is w(l)?
1
Let p(r) be the third derivative of r**6/120 - r**5/20 + r**4/8 - r**3/2 - 6*r**2. Let k = 10 + -7. Give p(k).
6
Let o(z) = -z**2 - 2*z + 0*z**3 + 6*z**3 + 3*z + 2*z**2 - 1. Give o(1).
7
Let w(y) = -y**3 + 5*y**2 - 3*y - 3. Let r = 72 - 42. Suppose -x = -3, -5*c - 5*x + r = -0*x. Calculate w(c).
6
Let l = -8 + 14. Let q be -2*((-3)/(-2) + -3). Let d(v) = 2 - v**q + 2 + 9*v + 6*v**2 - 4*v - v**2. Determine d(l).
-2
Suppose 0 = -5*i + 3*o - 5, -5*i = -9*i - 4*o + 28. Let u(b) = 5*b + 2. Give u(i).
12
Suppose 0 = 3*z - l - 8, l + 0 = -3*z + 4. Let a(p) = z*p - 5 - 3 - 1. Determine a(6).
3
Let b(t) = 2 + 2*t**2 + t + 2*t - t**2. Suppose -3*x - 6 = 3. Give b(x).
2
Let x(o) = -2*o + 22. Let m be x(10). Let a(g) be the first derivative of 0*g - g**2 + m + 1/3*g**3. Calculate a(3).
3
Let l(v) = -2*v**2 + 2*v - 3. Let h be 2/(-6) - 7/(-3). Suppose -12 = -2*g - g - h*n, -5*n = 5*g - 25. Give l(g).
-7
Let w = 76 + -67. Let m(c) = -c**2 + 10*c - 9. Give m(w).
0
Let l(a) = -21*a - 6. Let o(g) = 11*g + 3. Let c(p) = -5*l(p) - 9*o(p). Calculate c(-5).
-27
Let o(j) be the second derivative of j**3/6 - j**2/2 - 7*j. What is o(6)?
5
Let m(r) = 2*r**2 + 2*r - 1. Let u(v) = -v**2 - 5*v - 4. Let p be u(-3). Calculate m(p).
11
Suppose -h + 6*h - 10 = 0. Suppose -h*g - 16 + 6 = 0, j - 4*g = 32. Let w = j + -18. Let t(q) = -q**2 - 5*q + 8. Give t(w).
2
Let w be -1 + -1*2 + 3. Suppose w = -4*f + 6 + 6. Let o(i) = 0*i - f*i + 4 - 4*i**2 + 2*i**3 - i**3. Calculate o(4).
-8
Let f(v) = v**2 - v + 1. Let y = -9 + 16. Let i = y + -4. Suppose 0 = -u - 2 + i. Give f(u).
1
Let h(l) = l**3 - 2*l - 2. Let s be h(2). Let r(j) = -3*j - 2. Calculate r(s).
-8
Let l be (-1)/(-2)*0/(-1). Let x = -2 + 5. Let p(c) = 10 + c - 1 - x. Determine p(l).
6
Suppose 0 = -5*h - 3*z - 3 + 2, 4*h - 6 = z. Let k(m) = -7*m**2 + 2*m - 1. Calculate k(h).
-6
Let j(n) = n**3 - n**2 + n. Let b(w) = w**3 - 5*w**2 + 8*w + 3. Let t be (-3 + 1)*(-4)/(-8). Let k(h) = t*b(h) + 2*j(h). What is k(-4)?
5
Suppose 3*h = -2*c - 14, -4*c - 3*h - 10 = -3*c. Let x = c - -6. Let n(q) = 11*q - 9. Let w(o) = -10*o + 8. Let g(b) = 5*n(b) + 6*w(b). Calculate g(x).
-7
Let j(h) be the third derivative of -h**5/60 - 5*h**3/6 - 30*h**2. Calculate j(0).
-5
Let p(o) be the first derivative of -o**4/4 - o**2/2 + 3*o - 2. Let r be (3/(-2))/(30/(-200)). Let g be 4/r - (-4)/(-10). Give p(g).
3
Let k(r) = -2*r + 1. Let q = 14 - 11. Give k(q).
-5
Let v(h) = h**2 - h - 3. Let w be v(0). Let a(k) = -4*k + 1. Determine a(w).
13
Let z(n) = n**2 - 9*n - 20. Let l be z(11). Let s(i) = -2*i**2 + 2. Give s(l).
-6
Let l(u) = u**3 - u + 5. Let w(v) = -v. Let t be w(-4). Suppose t*z = 6*z - 6. Suppose -z*c + 5*c = 0. Give l(c).
5
Let v(r) = -2*r - 2. Let z be 1 + (-9 + -3)/3. What is v(z)?
4
Let q = 6 - 6. Let y(w) = 5*w**2 + w + 3. Let h(v) = 6*v**2 + v + 4. Let d(o) = 4*h(o) - 5*y(o). Determine d(q).
1
Let m(x) = -x + 9. Let u(p) = 2*p - 19. Let n(c) = 13*m(c) + 6*u(c). Determine n(2).
1
Let a = -9 - -9. Suppose -3*k + 5*q - 3 = 0, 2*k + a*q - 4*q = 0. Let b(i) = -i + 2*i - 2*i. Calculate b(k).
6
Let f(j) = -7*j**2 - 12*j + 3. Let s(v) = -3*v**2 - 6*v + 1. Let g(n) = -4*f(n) + 9*s(n). Determine g(6).
-3
Let r be 1 + (2 - (1 - (-3)/3)). Let p(j) = 2*j**2 - 2*j + 1. What is p(r)?
1
Let t(f) = 3*f**2 - 2*f + 2. Let w(r) = -4*r**2 + 3*r - 3. Let x(v) = -3*t(v) - 2*w(v). Calculate x(3).
-9
Let c = -17 - -11. Let f(a) = -2*a**3 + 7*a**2 + 6*a - 4. Let y(v) = v**3 - 7*v**2 - 6*v + 3. Let i(m) = 2*f(m) + 3*y(m). Calculate i(c).
1
Let b(z) = 1 - 4 - z + 1. Give b(-4).
2
Let y(a) = a**2 - a - 3. Let r be y(3). Let i be 6/(-12) - r/2. Let x(q) = -3*q**2 + q. Calculate x(i).
-14
Let p = 17 + -17. Let n(s) = -4 + 1 - s**2 - 3. Calculate n(p).
-6
Suppose d - 15 = 6*d. Let a(z) = z**2 + 2*z - 2. Let l be a(d). Let y(q) = q. Let o(g) = 5*g**2 + 5*g - 1. Let p(c) = -o(c) + 5*y(c). What is p(l)?
-4
Let a(x) be the second derivative of x**4/12 - x**3/6 - x**2 - 22*x. Determine a(2).
0
Let a = 4 - 6. Let g(b) = -6*b + 5. Let q(y) = -2 + 0*y + 4 - 3*y. Let z(x) = -3*g(x) + 7*q(x). What is z(a)?
5
Suppose 0 = -4*r - 2 + 18. Let d(i) be the third derivative of -i**6/120 + i**5/20 + i**4/8 + 2*i**3/3 + 2*i**2. What is d(r)?
0
Let u(x) = -x + 3. Suppose -i = 5*y - 0*i + 14, -4*y = -2*i + 14. Let o be 6/9 - (-2)/y. Suppose o = -g - 3*q + 5, -2*g + 0*q - 5*q + 7 = 0. Determine u(g).
7
Let n(k) = -10*k + 0*k + 5*k. Let c(b) = -b**2 + 6*b - 4. Let z be c(5). What is n(z)?
-5
Let m(k) be the second derivative of -4*k - 9/2*k**2 - 1/3*k**3 + 0. Give m(-6).
3
Let y(z) = 9*z + 17. Let h(t) = -5*t - 9. Let m(w) = -5*h(w) - 3*y(w). Calculate m(-8).
10
Let m = -14 + 22. Let w(h) = -h**3 - 5*h - m*h**2 + 3*h**2 + 2*h + 0*h + 2. Suppose -7*r - 15 = -2*r. Determine w(r).
-7
Let y(l) = 2*l + 2. Let h(n) = 3*n + 2. Let g(c) = 3*h(c) - 4*y(c). What is g(3)?
1
Let x(t) = 14 - t**2 - 12 - t**3 - 5. Suppose 5*r = -3*a + 15, -3*r + 2 + 7 = 2*a. Calculate x(a).
-3
Let w = 9 - 15. Let b be w/(6 - 3) + 6. Let m(n) = 3 - n**2 - b - 2*n**3 - n**2 + 2. Determine m(-1).
1
Let g(m) = -25*m**3 + 7*m**2 + 3*m + 2. Let k(i) = 13*i**3 - 4*i**2 - 2*i - 1. Let l = -24 + 17. Let a(y) = l*k(y) - 4*g(y). Determine a(1).
10
Let u(w) = 3*w**3 - 3*w**2 - 2*w + 9. Let j(t) = 4*t**3 - 2*t**2 - 3*t + 9. Let p(z) = 4*j(z) - 5*u(z). Determine p(-7).
5
Let f(c) = -16*c**2 + 40*c - 56. Let k(w) = -3*w**2 + 8*w - 11. Suppose 0*h = 4*h + 44. Let n(y) = h*k(y) + 2*f(y). Determine n(6).
-3
Let a = 51 + -50. Let n(j) = j + 1. Calculate n(a).
2
Suppose 0 = 4*b - 4 - 28. Let 